{"id":307,"date":"2022-10-18T09:45:39","date_gmt":"2022-10-18T09:45:39","guid":{"rendered":"https:\/\/klatrenorge.no\/?page_id=307"},"modified":"2023-10-26T09:46:07","modified_gmt":"2023-10-26T09:46:07","slug":"ostlandet","status":"publish","type":"page","link":"https:\/\/klatrenorge.no\/?page_id=307","title":{"rendered":"\u00d8stlandet"},"content":{"rendered":"\n<h2 class=\"wp-block-heading\">Romeriks\u00e5sen p\u00e5 langs &#8211; August 2023<\/h2>\n\n\n\n<p>Odd og Knut denne gang. Etter fjor\u00e5rets flotte tur, da vi sammen med Per tok Nordmarka fra nord til s\u00f8r, fristet det \u00e5 ta marka lenger \u00f8st p\u00e5 samme m\u00e5te. Droppet timevis i bil for \u00e5 komme til fjells, tok &laquo;buss for tog&raquo; til Grua og vandret s\u00f8r\u00f8stover gjennom nydelige skoger og forbi store blanke innsj\u00f8er til Skedsmokorset, der bussen tok oss tilbake til Oslo p\u00e5 en halvtime.<\/p>\n\n\n\n<p>Vi var innom 4 DNT-hytter, 4 Kjentmannsmerkeposter og 2 topper. <br>N\u00e6rturer er effektive! 3 dager og 60 km til fots.<\/p>\n\n\n\n<figure class=\"wp-block-image\"><a href=\"https:\/\/images2.peakbook.org\/images\/2681\/Klatrenorge_20230831_64f02a033fcd6.jpg?p=xtralarge\"><img decoding=\"async\" src=\"https:\/\/images2.peakbook.org\/images\/2681\/Klatrenorge_20230831_64f02a033fcd6.jpg?p=large\" alt=\"DNT-hytta p\u00e5 Snellingen. Her overnattet vi f\u00f8rste kvelden\"\/><\/a><figcaption class=\"wp-element-caption\">DNT-hytta p\u00e5 Snellingen. Her overnattet vi f\u00f8rste kvelden<\/figcaption><\/figure>\n\n\n\n<figure class=\"wp-block-image\"><a href=\"https:\/\/images2.peakbook.org\/images\/2681\/Klatrenorge_20230831_64f02ba7ca4ac.jpg?p=xtralarge\"><img decoding=\"async\" src=\"https:\/\/images2.peakbook.org\/images\/2681\/Klatrenorge_20230831_64f02ba7ca4ac.jpg?p=large\" alt=\"Langevatnet mellom Snellingen og R\u00e5bj\u00f8rn i morgendis \"\/><\/a><figcaption class=\"wp-element-caption\">Langevatnet mellom Snellingen og R\u00e5bj\u00f8rn i morgendis<\/figcaption><\/figure>\n\n\n\n<figure class=\"wp-block-image\"><a href=\"https:\/\/images2.peakbook.org\/images\/2681\/Klatrenorge_20230831_64f02fbdd0865.jpg?p=xtralarge\"><img decoding=\"async\" src=\"https:\/\/images2.peakbook.org\/images\/2681\/Klatrenorge_20230831_64f02fbdd0865.jpg?p=large\" alt=\"R\u00e5bj\u00f8rnhytta til DNT. Stor hytte med fin beliggenhet ved sj\u00f8en R\u00e5bj\u00f8rn. Her spiste vi br\u00f8dskiver p\u00e5 tunet.\"\/><\/a><figcaption class=\"wp-element-caption\">R\u00e5bj\u00f8rnhytta til DNT. Stor hytte med fin beliggenhet ved sj\u00f8en R\u00e5bj\u00f8rn. Her spiste vi br\u00f8dskiver p\u00e5 tunet.<\/figcaption><\/figure>\n\n\n\n<figure class=\"wp-block-image\"><a href=\"https:\/\/images2.peakbook.org\/images\/2681\/Klatrenorge_20230831_64f030a2960c4.jpg?p=xtralarge\"><img decoding=\"async\" src=\"https:\/\/images2.peakbook.org\/images\/2681\/Klatrenorge_20230831_64f030a2960c4.jpg?p=large\" alt=\"Flott utsikt fra tunet p\u00e5 R\u00e5bj\u00f8rnhytta. Her ligger det kanoer man kan benytte og en b\u00e5t man kan leie.\"\/><\/a><figcaption class=\"wp-element-caption\">Flott utsikt fra tunet p\u00e5 R\u00e5bj\u00f8rnhytta. Her ligger det kanoer man kan benytte og en b\u00e5t man kan leie.<\/figcaption><\/figure>\n\n\n\n<figure class=\"wp-block-image\"><a href=\"https:\/\/images2.peakbook.org\/images\/2681\/Klatrenorge_20230831_64f032987347e.jpg?p=xtralarge\"><img decoding=\"async\" src=\"https:\/\/images2.peakbook.org\/images\/2681\/Klatrenorge_20230831_64f032987347e.jpg?p=large\" alt=\"Rudskampen 585 moh med Kjentmannsmerkepost\"\/><\/a><figcaption class=\"wp-element-caption\">Rudskampen 585 moh med Kjentmannsmerkepost<\/figcaption><\/figure>\n\n\n\n<figure class=\"wp-block-image\"><a href=\"https:\/\/images2.peakbook.org\/images\/2681\/Klatrenorge_20230831_64f02d670f562.jpg?p=xtralarge\"><img decoding=\"async\" src=\"https:\/\/images2.peakbook.org\/images\/2681\/Klatrenorge_20230831_64f02d670f562.jpg?p=large\" alt=\"DNT-hytta Bekkestua. Her overnattet vi. En perle i marka! Velutstyrt med nytt kj\u00f8kken og en ovn som varmer b\u00e5de oppholdsrom og soverommet som har 4 senger.\"\/><\/a><figcaption class=\"wp-element-caption\">DNT-hytta Bekkestua. Her overnattet vi. En perle i marka! Velutstyrt med nytt kj\u00f8kken og en ovn som varmer b\u00e5de oppholdsrom og soverommet som har 4 senger.<\/figcaption><\/figure>\n\n\n\n<p><a href=\"javascript:void(0)\">\u2039<\/a><\/p>\n\n\n\n<p><a href=\"javascript:void(0)\">\u203a<\/a><\/p>\n\n\n\n<figure class=\"wp-block-image\"><a href=\"https:\/\/images2.peakbook.org\/images\/2681\/Klatrenorge_20230831_64f03b77d4004.jpg?p=xtralarge\"><img decoding=\"async\" src=\"https:\/\/images2.peakbook.org\/images\/2681\/Klatrenorge_20230831_64f03b77d4004.jpg?p=small\" alt=\"\"\/><\/a><\/figure>\n\n\n\n<figure class=\"wp-block-image\"><a href=\"https:\/\/images2.peakbook.org\/images\/2681\/Klatrenorge_20230831_64f03b7cb3745.jpg?p=xtralarge\"><img decoding=\"async\" src=\"https:\/\/images2.peakbook.org\/images\/2681\/Klatrenorge_20230831_64f03b7cb3745.jpg?p=small\" alt=\"\"\/><\/a><\/figure>\n\n\n\n<figure class=\"wp-block-table\"><table><tbody><tr><td>Vi la turen innom Kjentmannsmerkeposten Port Arthur, en gammel gruve og litt senere oppom Kirkebyh\u00f8gda 408 moh, der det litt s\u00f8r for toppen ogs\u00e5 st\u00e5r en Kjentmannsmerkepost.<\/td><td><\/td><\/tr><\/tbody><\/table><\/figure>\n\n\n\n<p><\/p>\n\n\n\n<figure class=\"wp-block-image\"><a href=\"https:\/\/images2.peakbook.org\/images\/2681\/Klatrenorge_20230831_64f033b031cd0.jpg?p=xtralarge\"><img decoding=\"async\" src=\"https:\/\/images2.peakbook.org\/images\/2681\/Klatrenorge_20230831_64f033b031cd0.jpg?p=large\" alt=\"Spikertjernhytta DNT. Stor hytte med fin beliggenhet. Kort vei fra parkering som gj\u00f8r den lett tilgjengelig. Vi spiste lunsj p\u00e5 tunet.\"\/><\/a><figcaption class=\"wp-element-caption\">Spikertjernhytta DNT. Stor hytte med fin beliggenhet. Kort vei fra parkering som gj\u00f8r den lett tilgjengelig. Vi spiste lunsj p\u00e5 tunet.<\/figcaption><\/figure>\n\n\n\n<figure class=\"wp-block-image\"><a href=\"https:\/\/images2.peakbook.org\/images\/2681\/Klatrenorge_20230831_64f037ae93244.jpg?p=xtralarge\"><img decoding=\"async\" src=\"https:\/\/images2.peakbook.org\/images\/2681\/Klatrenorge_20230831_64f037ae93244.jpg?p=large\" alt=\"P\u00e5 ruinene av Skarudhytta, som ble benyttet av Milorg under krigen st\u00e5r en Kjentmannsmerkepost. \"\/><\/a><figcaption class=\"wp-element-caption\">P\u00e5 ruinene av Skarudhytta, som ble benyttet av Milorg under krigen st\u00e5r en Kjentmannsmerkepost.<\/figcaption><\/figure>\n\n\n\n<p><\/p>\n\n\n\n<p>&#8212;&#8212;&#8212;&#8212;&#8212;&#8212;&#8212;&#8212;&#8212;&#8212;&#8212;&#8212;&#8212;&#8212;&#8212;&#8212;&#8212;&#8212;&#8212;&#8212;&#8212;&#8212;&#8212;&#8212;&#8212;&#8212;&#8212;&#8212;&#8212;&#8212;&#8212;&#8212;&#8212;&#8212;&#8212;&#8212;&#8212;&#8212;&#8211;<\/p>\n\n\n\n<p><\/p>\n\n\n\n<h2 class=\"wp-block-heading\" id=\"toc0\">Nordmarka p\u00e5 langs<\/h2>\n\n\n\n<h2 class=\"wp-block-heading\" id=\"toc0\">4 dager og 8 topper i Nordmarka &#8211; September 2022<\/h2>\n\n\n\n<figure class=\"wp-block-image\"><a href=\"https:\/\/images2.peakbook.org\/images\/2681\/Klatrenorge_20221016_634c66ced53bf.jpg?p=xtralarge\"><img decoding=\"async\" src=\"https:\/\/images2.peakbook.org\/images\/2681\/Klatrenorge_20221016_634c66ced53bf.jpg?p=large\" alt=\"Pershusfjellet\"\/><\/a><figcaption class=\"wp-element-caption\">Pershusfjellet<\/figcaption><\/figure>\n\n\n\n<p>Tog til Grua, taxi til Mylla for Odd, Per og Knut denne gang.<\/p>\n\n\n\n<p>Litt over 10 p\u00e5 onsdag 21.09.22 var vi i gang p\u00e5 v\u00e5r lille ekspedisjon gjennom Nordmarka. Morsomt \u00e5 pr\u00f8ve noe lokalt, da v\u00e6ret vest p\u00e5 Hardangervidda satte en stopper for planene der.<\/p>\n\n\n\n<p>Vi gikk:<br><strong>Bislingen 693 moh<\/strong><br>Rast ved \u00c5lsj\u00f8seter<br><strong>Kollern 688 moh<\/strong><br>Forbi Tverrsj\u00f8stallen<br><strong>Pershusfjellet 650 moh<\/strong><br>Overnatting p\u00e5 Sinnerdammen (DNT)<br>Forbi Finnstad<br>Innom vannet D\u00f8ypefonten<br><strong>Prekestolen 560 moh<\/strong><br>Forbi Finnerudseter<br>Overnatting p\u00e5 Katnosdammen (DNT)<br><strong>Kjerkeberget 631 moh<\/strong><br>Forbi g\u00e5rden Sandungen<br><strong>Sandungskollen 610 moh<\/strong><br><strong>Porth\u00f8gda 620 moh<\/strong><br><strong>Kikut 612 moh<\/strong><br>Overnatting p\u00e5 Kikutstua (Skiforeningen)<br>Rast p\u00e5 Kobberhaughytta<br>Frognerseteren<br>T-bane til byen<\/p>\n\n\n\n<figure class=\"wp-block-image\"><a href=\"https:\/\/images2.peakbook.org\/images\/2681\/Klatrenorge_20221016_634c67fec5ef7.jpg?p=xtralarge\"><img decoding=\"async\" src=\"https:\/\/images2.peakbook.org\/images\/2681\/Klatrenorge_20221016_634c67fec5ef7.jpg?p=large\" alt=\"Odd og Per p\u00e5 Kjerkeberget, Oslos h\u00f8yeste topp\"\/><\/a><figcaption class=\"wp-element-caption\">Odd og Per p\u00e5 Kjerkeberget, Oslos h\u00f8yeste topp<\/figcaption><\/figure>\n\n\n\n<p>&#8212;&#8212;&#8212;&#8212;&#8212;&#8212;&#8212;&#8212;&#8212;&#8212;&#8212;&#8212;&#8212;&#8212;&#8212;&#8212;&#8212;&#8212;&#8212;&#8212;&#8212;&#8212;&#8212;&#8212;&#8212;&#8212;&#8211;<\/p>\n\n\n\n<h1 class=\"wp-block-heading\">Skogshorn og Ranast\u00f8ngji&nbsp;(23.06.2018)&nbsp;<a href=\"javascript:void(0)\"><\/a>&nbsp;<a href=\"javascript:void(0)\"><\/a>&nbsp;<a href=\"https:\/\/peakbook.org\/index.php?module=index.enterTour&amp;action=edit&amp;id=278314&amp;return=2\"><\/a><\/h1>\n\n\n\n<figure class=\"wp-block-table\"><table><tbody><tr><th><\/th><td><a href=\"https:\/\/peakbook.org\/index.php?module=popup.map&amp;action=tourmap&amp;id=278314&amp;arrows=1\"><\/a><\/td><\/tr><\/tbody><\/table><\/figure>\n\n\n\n<figure class=\"wp-block-table\"><table><tbody><tr><th>Bestigninger<\/th><td><a href=\"https:\/\/peakbook.org\/peakbook-element\/20820\/Ranastongi.html\">Ranastongi<\/a>&nbsp;(1903moh)<\/td><td>23.06.2018<\/td><\/tr><tr><td><a href=\"https:\/\/peakbook.org\/peakbook-element\/816\/Skogshorn.html\">Skogshorn<\/a>&nbsp;(1728moh)<\/td><td>23.06.2018<\/td><\/tr><\/tbody><\/table><\/figure>\n\n\n\n<h2 class=\"wp-block-heading\" id=\"toc0\">LOKALE FJELL<\/h2>\n\n\n\n<h2 class=\"wp-block-heading\" id=\"toc1\">Skogshorn<\/h2>\n\n\n\n<p>Begge har vi hytte i Valdres, Odd Petterson og jeg, s\u00e5 da bilen stoppet f\u00f8r H\u00f8nefoss p\u00e5 vei mot Jotunheimen, ble planene endret til topptur til lokale fjell. Vi hadde egentlig tenkt oss til Storjuvbreen innenfor Porten ved Galdh\u00f8piggen.<\/p>\n\n\n\n<p>Etter \u00e5 ha tauet bilen til H\u00f8nefoss og f\u00e5tt l\u00e5ne bil av familie i n\u00e6rheten (tusen takk J\u00f8rgen Haugen!) kj\u00f8rte vi til Odds hytte, plukket opp turutstyr og fortsatte til Vaset og p-plassen nedenfor Skogshorn p\u00e5 selveste St.Hans aften.<\/p>\n\n\n\n<p>Enkel fin sti \u00e5 g\u00e5 opp, flott utsikt fra toppen og absolutt verdt en tur. Denne toppen er sv\u00e6rt synlig fra Nord Aurdal og jeg har mange ganger hver vinter kikket over mot Skogshorn p\u00e5 egne skiturer. Hyggelig endelig \u00e5 kunne st\u00e5 p\u00e5 toppen \u00e5 se tilbake mot Valdres.<\/p>\n\n\n\n<figure class=\"wp-block-image\"><a href=\"https:\/\/images1.peakbook.org\/images\/2681\/Klatrenorge_20180823_5b7f1aecc030c.jpg?p=xtralarge\"><img decoding=\"async\" src=\"https:\/\/images1.peakbook.org\/images\/2681\/Klatrenorge_20180823_5b7f1aecc030c.jpg?p=large\" alt=\"Skogshorn - Odd \"\/><\/a><figcaption class=\"wp-element-caption\">Skogshorn &#8211; Odd<\/figcaption><\/figure>\n\n\n\n<p>Et av \u00f8nskene p\u00e5 denne fjellturen, var \u00e5 ligge i telt p\u00e5 \u00e5rets lyseste natt. Vi kj\u00f8rte ned i Hemsedal, inn Gr\u00f8ndalen, opp Hydalsvegen til Vavatn, der vi satte opp teltet p\u00e5 en liten kolle inntil veien. Flott v\u00e6r, nydelig solnedgang og flott utsikt over Vavatn ga oss en fredelig og vakker midtsommernatt.<\/p>\n\n\n\n<figure class=\"wp-block-image\"><a href=\"https:\/\/images1.peakbook.org\/images\/2681\/Klatrenorge_20180823_5b7f1d98d49c7.jpg?p=xtralarge\"><img decoding=\"async\" src=\"https:\/\/images1.peakbook.org\/images\/2681\/Klatrenorge_20180823_5b7f1d98d49c7.jpg?p=large\" alt=\"St.Hans kveld ved Vavatn, Hemsedal\"\/><\/a><figcaption class=\"wp-element-caption\">St.Hans kveld ved Vavatn, Hemsedal<\/figcaption><\/figure>\n\n\n\n<h2 class=\"wp-block-heading\" id=\"toc2\">Ranast\u00f8ngji<\/h2>\n\n\n\n<p>I litteratur om turer i Valdres, har vi lest om Ranast\u00f8ngji, som med sine 1900 meter er et forholdsvis h\u00f8yt fjell utenom Jotunheimen. Vi kj\u00f8rte et par km inn til Vabuleino, parkerte og fulgte stien langs bekken nordover. Stien krysset etter hvert bekken og dreide av mot \u00f8st og videre oppover i lia. Etter en stund flatet terrenget ut og langt der fremme p\u00e5 den pannekakeflate fjellvidda s\u00e5 vi en varde. Tenkte med gru p\u00e5 foreldre som tar med ungene oppover fjellsiden og da de tror de er oppe, m\u00e5 de ta fatt p\u00e5 den laaange flat stein\u00f8rkenen bort til toppen. Da trengs en sekk full av godsaker for \u00e5 lokke ungene bort dit!<\/p>\n\n\n\n<p>Turen opp er 6 km med en stigning p\u00e5 750 h\u00f8ydemeter.<\/p>\n\n\n\n<p>Selve toppen er beskjeden, men utsikten derfra er flott. P\u00e5 baksiden er det 550 meter nesten rett ned. Fylkesgrensa mellom Buskerud og Oppland g\u00e5r tvers gjennom toppen.<\/p>\n\n\n\n<figure class=\"wp-block-image\"><a href=\"https:\/\/images1.peakbook.org\/images\/2681\/Klatrenorge_20180823_5b7f1c2781bd6.jpg?p=xtralarge\"><img decoding=\"async\" src=\"https:\/\/images1.peakbook.org\/images\/2681\/Klatrenorge_20180823_5b7f1c2781bd6.jpg?p=large\" alt=\"Odd p\u00e5 vei mot varden p\u00e5 Ranast\u00f8ngji\"\/><\/a><figcaption class=\"wp-element-caption\">Odd p\u00e5 vei mot varden p\u00e5 Ranast\u00f8ngji<\/figcaption><\/figure>\n\n\n\n<figure class=\"wp-block-image\"><a href=\"https:\/\/images1.peakbook.org\/images\/2681\/Klatrenorge_20180823_5b7f1ccdbceaf.jpg?p=xtralarge\"><img decoding=\"async\" src=\"https:\/\/images1.peakbook.org\/images\/2681\/Klatrenorge_20180823_5b7f1ccdbceaf.jpg?p=large\" alt=\"Ranast\u00f8ngji - Knut\"\/><\/a><figcaption class=\"wp-element-caption\">Ranast\u00f8ngji &#8211; Knut<\/figcaption><\/figure>\n\n\n\n<p>Enkelte ganger er det hyggelig \u00e5 vandre p\u00e5 stier i gr\u00f8nne omgivelser og bes\u00f8ke topper man ofte ser fra bil- eller hyttevinduene.<\/p>\n\n\n\n<p>Bes\u00f8k din lokale topp!<\/p>\n\n\n\n<hr class=\"wp-block-separator has-alpha-channel-opacity\"\/>\n\n\n\n<h1 class=\"wp-block-heading\">Rondane: 3 topper&nbsp;(27.08.2016)&nbsp;<a href=\"javascript:void(0)\"><\/a>&nbsp;<a href=\"javascript:void(0)\"><\/a>&nbsp;<a href=\"https:\/\/peakbook.org\/index.php?module=index.enterTour&amp;action=edit&amp;id=188587&amp;return=2\"><\/a><\/h1>\n\n\n\n<figure class=\"wp-block-table\"><table><tbody><tr><th><\/th><td><a href=\"https:\/\/peakbook.org\/index.php?module=popup.map&amp;action=tourmap&amp;id=188587&amp;arrows=1\"><\/a><\/td><\/tr><\/tbody><\/table><\/figure>\n\n\n\n<figure class=\"wp-block-table\"><table><tbody><tr><th>Bestigninger<\/th><td><a href=\"https:\/\/peakbook.org\/peakbook-element\/216\/Rondslottet.html\">Rondslottet<\/a>&nbsp;(2178moh)<\/td><td>27.08.2016<\/td><\/tr><tr><td><a href=\"https:\/\/peakbook.org\/peakbook-element\/299\/Storronden.html\">Storronden<\/a>&nbsp;(2138moh)<\/td><td>27.08.2016<\/td><\/tr><tr><td><a href=\"https:\/\/peakbook.org\/peakbook-element\/387\/Vinjeronden.html\">Vinjeronden<\/a>&nbsp;(2044moh)<\/td><td>27.08.2016<\/td><\/tr><\/tbody><\/table><\/figure>\n\n\n\n<p><strong>D\u00c5RLIG V\u00c6R I VEST &#8211; FINT V\u00c6R I \u00d8ST<\/strong><\/p>\n\n\n\n<p>Per Hunnes Hansen, Odd Petterson, og Knut Skallerud<\/p>\n\n\n\n<figure class=\"wp-block-image\"><a href=\"https:\/\/images1.peakbook.org\/images\/2681\/Klatrenorge_20161011_57fd479a00c7a.jpg?p=xtralarge\"><img decoding=\"async\" src=\"https:\/\/images1.peakbook.org\/images\/2681\/Klatrenorge_20161011_57fd479a00c7a.jpg?p=small\" alt=\"Knut, Per og Odd\"\/><\/a><figcaption class=\"wp-element-caption\">Knut, Per og Odd<\/figcaption><\/figure>\n\n\n\n<p>Planen v\u00e5r var \u00e5 bestige Hellstugutindene denne siste helgen i august. For et par siden hadde vi g\u00e5tt opp Hellstugubreen fra Spiterstulen og sett tinderekka Hellstugutindene mot vest. Der s\u00e5 det flott ut og det ga mersmak.<\/p>\n\n\n\n<p>V\u00e6rmeldingen for dette omr\u00e5det var d\u00e5rlig, mens vi la merke til at v\u00e6ret for Birkebeinerrittet fra Rena til Lillehammer var lovende. Slik ogs\u00e5 for v\u00e6ret for Rondane. P\u00e5 veien over Sollih\u00f8gda endret vi plan og tok til h\u00f8yre f\u00f8r H\u00f8nefoss og kj\u00f8rte til Hadeland over Lyngnaseter til Gj\u00f8vik, Lillehammer og Otta, videre opp til Mysuseter og inn til parkeringsplassen ved Spranghaugen.<\/p>\n\n\n\n<p>V\u00e6ret hadde ikke roet seg enn\u00e5, s\u00e5 med sterk vind og regnbyger fra siden gikk vi den dr\u00f8ye timen p\u00e5 grusveien inn til Rodvassbu. Planen om \u00e5 ligge i telt hadde rett og slett bl\u00e5st bort p\u00e5 veien inn til DNT hytta der den ligger i s\u00f8renden av Rondvatnet, s\u00e5 vi gikk rett til resepsjonen.<\/p>\n\n\n\n<p>Ja da, sa verten, dere skal f\u00e5 seng i sovesalen i kjelleren. S\u00e5 her ble det b\u00e5de seng og i spisesalen 3 retters hyggelig middag p\u00e5 en overfylt DNT-hytte.<\/p>\n\n\n\n<p>L\u00f8rdag 27.08. var vi ikke alene p\u00e5 tunet p\u00e5 denne turisthytta som ble bygget i 1903 og overtatt av Turistforeningen i 1929. Her var vennegrupper, firmagrupper, jentegjenger og gutter p\u00e5 tur klare til avgang opp den bratte kneika bak hyttene med totusenmetere som dagens m\u00e5l. V\u00e6ret var mye bedre enn kvelden f\u00f8r med solglimt, noen skyer og s\u00f8nnavind til \u00e5 leve med.<\/p>\n\n\n\n<figure class=\"wp-block-image\"><a href=\"https:\/\/images1.peakbook.org\/images\/2681\/Klatrenorge_20161011_57fd40e1a3351.jpg?p=xtralarge\"><img decoding=\"async\" src=\"https:\/\/images1.peakbook.org\/images\/2681\/Klatrenorge_20161011_57fd40e1a3351.jpg?p=large\" alt=\"Rondvassbu\"\/><\/a><figcaption class=\"wp-element-caption\">Rondvassbu<\/figcaption><\/figure>\n\n\n\n<figure class=\"wp-block-image\"><a href=\"https:\/\/images1.peakbook.org\/images\/2681\/Klatrenorge_20161011_57fd41cba8a51.jpg?p=xtralarge\"><img decoding=\"async\" src=\"https:\/\/images1.peakbook.org\/images\/2681\/Klatrenorge_20161011_57fd41cba8a51.jpg?p=small\" alt=\"Varden p\u00e5 Rondslottet\"\/><\/a><figcaption class=\"wp-element-caption\">Varden p\u00e5 Rondslottet<\/figcaption><\/figure>\n\n\n\n<p>En lang streng av turfolk marsjerte av sted oppover bakkene mot stidelet p\u00e5 vel 1400 meter der man kan ta av til h\u00f8yre mot Storronden. Alle gikk videre innover dalen langs Rondholbekken mot Rondholet og opp bakkene til skaret der man kan se over kanten og nordover i Rondane. Derfra tok vi 90 grader til venstre og opp bakkene til toppen av Vinjeronden. Herfra kunne man se dagens store m\u00e5l for de fleste: Selveste Rondslottet p\u00e5 2.178 meter.<\/p>\n\n\n\n<p>Etter en rast p\u00e5 en ledig stein fulgte vi stien som dropper 60-70 h\u00f8ydemetre til det laveste punkt mellom Vinjeronden og Rondslottet og fulgte lett stien til toppen. Der oppe p\u00e5 Rondslottet st\u00e5r en stor flott firkantet varde, for anledningen frostet med et hvitt lag rim og omhyllet av tett t\u00e5ke.<\/p>\n\n\n\n<p>Bilder ble tatt av eget turf\u00f8lge og for andre turf\u00f8lger, sjokolade og litt drikke ble fort\u00e6rt og ned igjen til Vinjeronden det bar. Et fjell som n\u00e5 l\u00e5 badet i sol og fint v\u00e6r. T\u00e5ka p\u00e5 slottet holdt seg der lenge, men m\u00e5tte senere p\u00e5 dagen gi slipp for varmen fra sola.<br>De fleste av de andre turg\u00e5ere vi m\u00f8tte greide \u00e5 komme seg opp p\u00e5 Rondslottet og var veldig forn\u00f8yd med sin innsats.<\/p>\n\n\n\n<figure class=\"wp-block-image\"><a href=\"https:\/\/images1.peakbook.org\/images\/2681\/Klatrenorge_20161011_57fd43c0e73cc.jpg?p=xtralarge\"><img decoding=\"async\" src=\"https:\/\/images1.peakbook.org\/images\/2681\/Klatrenorge_20161011_57fd43c0e73cc.jpg?p=large\" alt=\"Ned fra Rondslottet mot Vinjeronden og Storronden\"\/><\/a><figcaption class=\"wp-element-caption\">Ned fra Rondslottet mot Vinjeronden og Storronden<\/figcaption><\/figure>\n\n\n\n<p>Vi ville mer og hadde helt siden kvelden f\u00f8r lurt p\u00e5 om det gikk an \u00e5 g\u00e5 rett opp til Storronden, uten \u00e5 g\u00e5 omveien ned til stikrysset p\u00e5 1400 moh.<\/p>\n\n\n\n<figure class=\"wp-block-image\"><a href=\"https:\/\/images1.peakbook.org\/images\/2681\/Klatrenorge_20161011_57fd4531b4ac1.jpg?p=xtralarge\"><img decoding=\"async\" src=\"https:\/\/images1.peakbook.org\/images\/2681\/Klatrenorge_20161011_57fd4531b4ac1.jpg?p=large\" alt=\"&quot;Direkten&quot; mellom Vinjeronden og Storronden\"\/><\/a><figcaption class=\"wp-element-caption\">&laquo;Direkten&raquo; mellom Vinjeronden og Storronden<\/figcaption><\/figure>\n\n\n\n<p>Fra skaret mellom Vinjeronden og Storronden gikk vi rett opp steinura uten problemer, skr\u00e5net s\u00e5 litt til h\u00f8yre p\u00e5 toppen av bakken og gikk rett p\u00e5 varden p\u00e5 Storronden.<\/p>\n\n\n\n<figure class=\"wp-block-image\"><a href=\"https:\/\/images1.peakbook.org\/images\/2681\/Klatrenorge_20161011_57fd46c35b013.jpg?p=xtralarge\"><img decoding=\"async\" src=\"https:\/\/images1.peakbook.org\/images\/2681\/Klatrenorge_20161011_57fd46c35b013.jpg?p=large\" alt=\"Varden p\u00e5 Storronden med Vinjeronden og Rondslottet i bakgrunnen\"\/><\/a><figcaption class=\"wp-element-caption\">Varden p\u00e5 Storronden med Vinjeronden og Rondslottet i bakgrunnen<\/figcaption><\/figure>\n\n\n\n<p>Hit hadde sommeren kommet tilbake, s\u00e5 her var det av med jakker og en lang hyggelig rast med andre turg\u00e5ere. Utsikten s\u00f8r- og \u00f8stover herfra er storslagen. Ikke som i Jotunheimen til kvasse fjell, men til milevis store og \u00e5pne vidder.<\/p>\n\n\n\n<p>Hjemturen ned til Rondvassbu er lang og dryg for t\u00e6r og kn\u00e6r, med vel nede p\u00e5 tunet var stemningen p\u00e5 topp med fyr i badestampen og mange glade og forn\u00f8yde turg\u00e5ere. Mange hadde denne dagen v\u00e6rt p\u00e5 sin f\u00f8rste 2.000 meter topp og var stolte av det.<\/p>\n\n\n\n<p>Vi hadde aldri v\u00e6rt p\u00e5 tur med s\u00e5 mange folk f\u00f8r, s\u00e5 vi trakk oss ned sydover til roen ved elven og satte opp v\u00e5re telt og hadde en god natts s\u00f8vn, bedre enn p\u00e5 18 mannsrommet i kjelleren p\u00e5 Rondvassbu.<\/p>\n\n\n\n<figure class=\"wp-block-image\"><a href=\"https:\/\/images1.peakbook.org\/images\/2681\/Klatrenorge_20161011_57fd4a09a9935.jpg?p=xtralarge\"><img decoding=\"async\" src=\"https:\/\/images1.peakbook.org\/images\/2681\/Klatrenorge_20161011_57fd4a09a9935.jpg?p=large\" alt=\"Tilbakeblikk p\u00e5 fjellene vi hadde bes\u00f8kt\"\/><\/a><figcaption class=\"wp-element-caption\">Tilbakeblikk p\u00e5 fjellene vi hadde bes\u00f8kt<\/figcaption><\/figure>\n\n\n\n<figure class=\"wp-block-image\"><a href=\"https:\/\/images1.peakbook.org\/images\/2681\/Klatrenorge_20161011_57fd4a9547848.jpg?p=xtralarge\"><img decoding=\"async\" src=\"https:\/\/images1.peakbook.org\/images\/2681\/Klatrenorge_20161011_57fd4a9547848.jpg?p=large\" alt=\"Kveldsro i Rondane\"\/><\/a><figcaption class=\"wp-element-caption\">Kveldsro i Rondane<\/figcaption><\/figure>\n","protected":false},"excerpt":{"rendered":"<p>Romeriks\u00e5sen p\u00e5 langs &#8211; August 2023 Odd og Knut denne gang. Etter fjor\u00e5rets flotte tur, da vi sammen med Per tok Nordmarka fra nord til s\u00f8r, fristet det \u00e5 ta marka lenger \u00f8st p\u00e5 samme m\u00e5te. Droppet timevis i bil for \u00e5 komme til fjells, tok &laquo;buss for tog&raquo; til Grua og vandret s\u00f8r\u00f8stover gjennom [&hellip;]<\/p>\n","protected":false},"author":1,"featured_media":0,"parent":0,"menu_order":0,"comment_status":"closed","ping_status":"closed","template":"","meta":{"footnotes":""},"class_list":["post-307","page","type-page","status-publish","hentry"],"_links":{"self":[{"href":"https:\/\/klatrenorge.no\/index.php?rest_route=\/wp\/v2\/pages\/307","targetHints":{"allow":["GET"]}}],"collection":[{"href":"https:\/\/klatrenorge.no\/index.php?rest_route=\/wp\/v2\/pages"}],"about":[{"href":"https:\/\/klatrenorge.no\/index.php?rest_route=\/wp\/v2\/types\/page"}],"author":[{"embeddable":true,"href":"https:\/\/klatrenorge.no\/index.php?rest_route=\/wp\/v2\/users\/1"}],"replies":[{"embeddable":true,"href":"https:\/\/klatrenorge.no\/index.php?rest_route=%2Fwp%2Fv2%2Fcomments&post=307"}],"version-history":[{"count":9,"href":"https:\/\/klatrenorge.no\/index.php?rest_route=\/wp\/v2\/pages\/307\/revisions"}],"predecessor-version":[{"id":601,"href":"https:\/\/klatrenorge.no\/index.php?rest_route=\/wp\/v2\/pages\/307\/revisions\/601"}],"wp:attachment":[{"href":"https:\/\/klatrenorge.no\/index.php?rest_route=%2Fwp%2Fv2%2Fmedia&parent=307"}],"curies":[{"name":"wp","href":"https:\/\/api.w.org\/{rel}","templated":true}]}}