{"id":518,"date":"2023-09-10T11:02:15","date_gmt":"2023-09-10T11:02:15","guid":{"rendered":"https:\/\/klatrenorge.no\/?page_id=518"},"modified":"2025-05-22T09:19:08","modified_gmt":"2025-05-22T09:19:08","slug":"trolloypa-fra-hovringen","status":"publish","type":"page","link":"https:\/\/klatrenorge.no\/?page_id=518","title":{"rendered":"Troll\u00f8ypa fra H\u00f8vringen"},"content":{"rendered":"\n<p>Vi ble bare to p\u00e5 denne turen, Per Hunnes Hansen og Knut Skallerud. Odd Petterson m\u00e5tte bli hjemme p\u00e5 grunn av en fallskade i familien.<\/p>\n\n\n\n<p>Vi var spente p\u00e5 hvordan stort\u00e5a og foten til Per ville oppf\u00f8re seg etter en nylig operasjon. Det faste mannskapet var derfor ganske redusert i \u00e5r.<\/p>\n\n\n\n<p>Turen startet med tog til Otta, minibuss til H\u00f8vringen Fjellstue, &laquo;verdens beste buffet&raquo;, god frokost og avgang kl 10.00 l\u00f8rdag 4. mars i kj\u00f8lige og &laquo;bl\u00e5sete&raquo; forhold.<\/p>\n\n\n\n<p>Sol, bl\u00e5 himmel, minus 10C og vind i 10 m\/s i ryggen. Atskillig mer i kastene.<\/p>\n\n\n\n<figure class=\"wp-block-image\"><a href=\"https:\/\/images2.peakbook.org\/images\/2681\/Klatrenorge_20230310_640b53e33ff9d.jpg?p=xtralarge\"><img decoding=\"async\" src=\"https:\/\/images2.peakbook.org\/images\/2681\/Klatrenorge_20230310_640b53e33ff9d.jpg?p=large\" alt=\"Smuksj\u00f8seter i det fjerne\"\/><\/a><figcaption class=\"wp-element-caption\">Smuksj\u00f8seter i det fjerne<\/figcaption><\/figure>\n\n\n\n<p>F\u00f8rste stopp var Smuksj\u00f8seter for kaffe, bolle og p\u00e5 med mer kl\u00e6r. Oppkj\u00f8rte l\u00f8yper dit.<\/p>\n\n\n\n<p>Neste stopp var Peer Gynt-hytta, som vi hadde bes\u00f8kt f\u00f8r og som selger gode vafler om sommeren. N\u00e5 stengt. Flott fredet steinhytte!<\/p>\n\n\n\n<figure class=\"wp-block-image\"><a href=\"https:\/\/images2.peakbook.org\/images\/2681\/Klatrenorge_20230310_640b54ea63508.jpg?p=xtralarge\"><img decoding=\"async\" src=\"https:\/\/images2.peakbook.org\/images\/2681\/Klatrenorge_20230310_640b54ea63508.jpg?p=large\" alt=\"Per i sitt rette element - foran Peer Gynthytta\"\/><\/a><figcaption class=\"wp-element-caption\">Per i sitt rette element &#8211; foran Peer Gynthytta<\/figcaption><\/figure>\n\n\n\n<p>Etter et par kilometer etter hytta svingte vi mot \u00f8st og gikk mot l\u00f8ypa som g\u00e5r fra Spranget mot Rondvassbu, der det er parkering om sommeren. Vi pr\u00f8vde \u00e5 g\u00e5 mot DNT-hytta for \u00e5 spise matpakka der, men vindkastene p\u00e5 18 &#8211; 20 m\/s tvang oss til \u00e5 peke nesa mot dagens m\u00e5l for overnatting: Mysuseter.<br>22 km &#8211; 6 timer<\/p>\n\n\n\n<h2 class=\"wp-block-heading\" id=\"toc1\">MYSUSETER &#8211; ELD\u00c5BU<\/h2>\n\n\n\n<p>Etter en tur i sv\u00f8mmehallen, badstuen, middagssalen og et slag biljard, gikk vi til k\u00f8ys p\u00e5 Rondane h\u00f8yfjellshotell. V\u00e5knet til tett sn\u00f8v\u00e6r.<br>Vi fulgte delvis nedsn\u00f8dde oppkj\u00f8rte skil\u00f8yper langs Furusj\u00f8en til Nysetra. Der var det et stykke som ikke var kvistet. Lunsjpakka ble fort\u00e6rt sittende i le av et seterbygg, mens sn\u00f8en drysset ned p\u00e5 br\u00f8dskivene. Etter en kilometer oppover lia kom jammen meg sola frem og vi kunne se hvor vi skulle g\u00e5. L\u00f8ypa var f\u00f8r dagens sn\u00f8fall kj\u00f8rt opp med sn\u00f8scooter og merket med bambuspinner oppover i fjellskogen mot h\u00f8yfjellet. Vel oppe bl\u00e5ste det godt fra nordvest og vi tuslet av g\u00e5rde p\u00e5 knotete ruglete underlag som b\u00f8lgene p\u00e5 Nordsj\u00f8en.<\/p>\n\n\n\n<p>N\u00e5r man g\u00e5r denne ruten ser man Eld\u00e5bu 2 timer f\u00f8r man kommer frem fordi man g\u00e5 helt innerst i bekken Eld\u00e5a f\u00f8r man kan dreie sydover mot hytta. Det ble lange 2 timer p\u00e5 vanskelig f\u00f8re og i sterk kald vind. Eld\u00e5bu er dog en perle, med nydelig beliggenhet og fullt matlager.<br>Her hadde vi begge v\u00e6rt f\u00f8r og n\u00f8t overnattingen der vi hadde hytta helt for oss selv.<br>20 km &#8211; 7 timer<\/p>\n\n\n\n<figure class=\"wp-block-image\"><a href=\"https:\/\/images2.peakbook.org\/images\/2681\/Klatrenorge_20230310_640b56488eda3.jpg?p=xtralarge\"><img decoding=\"async\" src=\"https:\/\/images2.peakbook.org\/images\/2681\/Klatrenorge_20230310_640b56488eda3.jpg?p=large\" alt=\"DNT-hytta Eld\u00e5bu\"\/><\/a><figcaption class=\"wp-element-caption\">DNT-hytta Eld\u00e5bu<\/figcaption><\/figure>\n\n\n\n<h2 class=\"wp-block-heading\" id=\"toc2\">ELD\u00c5BU &#8211; VESLEFJELLBUA<\/h2>\n\n\n\n<figure class=\"wp-block-image\"><a href=\"https:\/\/images2.peakbook.org\/images\/2681\/Klatrenorge_20230310_640b56f242a5d.jpg?p=xtralarge\"><img decoding=\"async\" src=\"https:\/\/images2.peakbook.org\/images\/2681\/Klatrenorge_20230310_640b56f242a5d.jpg?p=small\" alt=\"Flott v\u00e6r og fin rast\"\/><\/a><figcaption class=\"wp-element-caption\">Flott v\u00e6r og fin rast<\/figcaption><\/figure>\n\n\n\n<p>Iskald morgen, borti 20 kuldegrader; vi ventet til kl 10.30 med avgang, da tempen hadde kommet opp i minus 13C. Sola skinte fra bl\u00e5 himmel og vi m\u00e5tte bytte til tynnere genser under jakka etter en halvtimes gange. Turen over til Spitsbergseter og Venabufjellet var nydelig.<\/p>\n\n\n\n<p>Vi kom inn p\u00e5 oppkj\u00f8rte spor ved Klopptj\u00f8nna. Derfra bar det i trikkeskinner til kaffe, skolebolle og vafler, samt lading av mobiltelefoner p\u00e5 Spitsbergseter.<\/p>\n\n\n\n<p>Senere i flott kveldsol fulgte vi det oppkj\u00f8rte sporet for Troll\u00f8ypa til den nye DNT-hytta Veslefjellbua, som erstatter Gr\u00e5h\u00f8gdbu. Den er flyttet til Maihaugen. Veslefjellbua best\u00e5r av 2 hytter, et uthus og et pumpehus, levert av Heddahytter.<\/p>\n\n\n\n<p>Flott anlegg, men uvant med en DNT-hytte s\u00e5 n\u00e6r offentlig vei. Vi h\u00f8rte bilene p\u00e5 veien.<br>Et minus var at matlageret var nesten tomt for middagsmat.<br>15 km &#8211; 4 timer pluss lang pause<\/p>\n\n\n\n<figure class=\"wp-block-image\"><a href=\"https:\/\/images2.peakbook.org\/images\/2681\/Klatrenorge_20230310_640b57fea38b1.jpg?p=xtralarge\"><img decoding=\"async\" src=\"https:\/\/images2.peakbook.org\/images\/2681\/Klatrenorge_20230310_640b57fea38b1.jpg?p=large\" alt=\"Veslefjellbua\"\/><\/a><figcaption class=\"wp-element-caption\">Veslefjellbua<\/figcaption><\/figure>\n\n\n\n<h2 class=\"wp-block-heading\" id=\"toc3\">VESLEFJELLBUA &#8211; JAMMERDALSBU<\/h2>\n\n\n\n<p>Etter et fantastisk m\u00e5neskinn (fullm\u00e5ne dagen etter) fra \u00f8st over fjellet Muen og utsikt til Venus og Jupiter i vest, stod solen opp til 20 kuldegrader. Siden dagens etappe skulle g\u00e5 i den oppkj\u00f8rte Troll\u00f8ypa mesteparten av turen, dr\u00f8yde vi avgang sammen med det hyggelige bekjentskapet Rigmor og Morten fra Asker, som ogs\u00e5 bodde p\u00e5 hytta. Ved avgang kl 11 hadde tempen ogs\u00e5 denne dagen steget til minus 13C.<br>Vi dro av g\u00e5rde i altfor mye kl\u00e6r og hadde f\u00f8lge med en gruppe tyske skiturister fra Spitsbergseter. Vi stoppet innimellom. De passerte oss. De stoppet og vi passerte dem.<\/p>\n\n\n\n<figure class=\"wp-block-image\"><a href=\"https:\/\/images2.peakbook.org\/images\/2681\/Klatrenorge_20230310_640b585061bfa.jpg?p=xtralarge\"><img decoding=\"async\" src=\"https:\/\/images2.peakbook.org\/images\/2681\/Klatrenorge_20230310_640b585061bfa.jpg?p=large\" alt=\"\"\/><\/a><\/figure>\n\n\n\n<p>L\u00f8ypene var allerede preparert for skirennet Lillehammer Troll Ski Marathon som g\u00e5r 15. april 2023 fra Venabu til Sjusj\u00f8en\/Hornsj\u00f8. Man kan velge mellom 4 distanser. Hoveddistansen er 95 km til Sjusj\u00f8en.<\/p>\n\n\n\n<p>Vi tok av fra den oppkj\u00f8rte l\u00f8ypa etter 16 km og gikk i et enkelt spor opp til Jammerdalsbu, en eldre, ekte og koselig DNT-hytte, som l\u00e5 vakkert til med flott utsikt vestover.<\/p>\n\n\n\n<figure class=\"wp-block-image\"><a href=\"https:\/\/images2.peakbook.org\/images\/2681\/Klatrenorge_20230310_640b58c552fe3.jpg?p=xtralarge\"><img decoding=\"async\" src=\"https:\/\/images2.peakbook.org\/images\/2681\/Klatrenorge_20230310_640b58c552fe3.jpg?p=large\" alt=\"Annekset p\u00e5 Jammerdalsbu\"\/><\/a><figcaption class=\"wp-element-caption\">Annekset p\u00e5 Jammerdalsbu<\/figcaption><\/figure>\n\n\n\n<p>Dagen hadde gitt oss flott solskinn, litt kj\u00f8lig v\u00e6r, men mye smerter i stort\u00e5a til Per, p\u00e5 en fot han hadde operert for altfor kort tid siden. T\u00e5a hadde plaget han hele veien, men mest denne dagen, s\u00e5 vi m\u00e5tte ta det med ro og ta en del pauser.<br>Andre gjester p\u00e5 Jammerdalsbu var en tysker som hadde g\u00e5tt alene fra Gomobu ved Hamar og skulle g\u00e5 opp til Rondane, fortsette gjennom Jotunheimen og over Hardangervidda til Haukeliseter, samt tre norske karer med pulk p\u00e5 vei mellom Mysuseter og Ilsetra p\u00e5 Hafjell.<br>Vi gikk 19 km p\u00e5 5 timer<\/p>\n\n\n\n<h2 class=\"wp-block-heading\" id=\"toc4\">JAMMERDALSBU &#8211; M\u00c5S\u00c5PLASSEN<\/h2>\n\n\n\n<figure class=\"wp-block-image\"><a href=\"https:\/\/images2.peakbook.org\/images\/2681\/Klatrenorge_20230310_640b596e76e64.jpg?p=xtralarge\"><img decoding=\"async\" src=\"https:\/\/images2.peakbook.org\/images\/2681\/Klatrenorge_20230310_640b596e76e64.jpg?p=medium\" alt=\"\"\/><\/a><\/figure>\n\n\n\n<p>Tidlig opp, vask og rydding og avgang kl 9.11. Lett sn\u00f8drev og 17-18 kuldegrader. Lett tur ned til den oppkj\u00f8rte l\u00f8ypa og videre ned gjennom mosegrodd bj\u00f8rkeskog til Friisvegen turistsenter, ogs\u00e5 kalt M\u00e5s\u00e5plassen. En telefon til Ringebu taxi og vips s\u00e5 var vi nede p\u00e5 jernbanestasjonen og spiste en hamburgertallerken til lunsj, mens vi ventet p\u00e5 toget fra Trondheim, som &laquo;bare var litt over 100 minutter forsinket&raquo;<br>7 km &#8211; 1.20 t<br><em>Denne turen ble en kortvariant av en tur Knut gikk 7. til 16. mars 1975, sammen med Wilhelm \u00d8sterman. Den gang gikk turen fra Hjerkinn til Sjusj\u00f8en p\u00e5 treski med overnatting p\u00e5 DNT-hytter og i telt.<\/em><\/p>\n\n\n\n<figure class=\"wp-block-image\"><a href=\"https:\/\/images2.peakbook.org\/images\/2681\/Klatrenorge_20230310_640b5a6166c5c.jpg?p=xtralarge\"><img decoding=\"async\" src=\"https:\/\/images2.peakbook.org\/images\/2681\/Klatrenorge_20230310_640b5a6166c5c.jpg?p=medium\" alt=\"Wilhelm \u00d8sterman i 1973, et par mil syd for Gr\u00e5h\u00f8gdbu\"\/><\/a><figcaption class=\"wp-element-caption\">Wilhelm \u00d8sterman i 1975, et par mil syd for Gr\u00e5h\u00f8gdbu<\/figcaption><\/figure>\n\n\n\n<h2 class=\"wp-block-heading\">Kommentarer<\/h2>\n","protected":false},"excerpt":{"rendered":"<p>Vi ble bare to p\u00e5 denne turen, Per Hunnes Hansen og Knut Skallerud. Odd Petterson m\u00e5tte bli hjemme p\u00e5 grunn av en fallskade i familien. Vi var spente p\u00e5 hvordan stort\u00e5a og foten til Per ville oppf\u00f8re seg etter en nylig operasjon. Det faste mannskapet var derfor ganske redusert i \u00e5r. Turen startet med tog [&hellip;]<\/p>\n","protected":false},"author":1,"featured_media":562,"parent":0,"menu_order":0,"comment_status":"closed","ping_status":"closed","template":"","meta":{"footnotes":""},"class_list":["post-518","page","type-page","status-publish","has-post-thumbnail","hentry"],"_links":{"self":[{"href":"https:\/\/klatrenorge.no\/index.php?rest_route=\/wp\/v2\/pages\/518","targetHints":{"allow":["GET"]}}],"collection":[{"href":"https:\/\/klatrenorge.no\/index.php?rest_route=\/wp\/v2\/pages"}],"about":[{"href":"https:\/\/klatrenorge.no\/index.php?rest_route=\/wp\/v2\/types\/page"}],"author":[{"embeddable":true,"href":"https:\/\/klatrenorge.no\/index.php?rest_route=\/wp\/v2\/users\/1"}],"replies":[{"embeddable":true,"href":"https:\/\/klatrenorge.no\/index.php?rest_route=%2Fwp%2Fv2%2Fcomments&post=518"}],"version-history":[{"count":3,"href":"https:\/\/klatrenorge.no\/index.php?rest_route=\/wp\/v2\/pages\/518\/revisions"}],"predecessor-version":[{"id":976,"href":"https:\/\/klatrenorge.no\/index.php?rest_route=\/wp\/v2\/pages\/518\/revisions\/976"}],"wp:featuredmedia":[{"embeddable":true,"href":"https:\/\/klatrenorge.no\/index.php?rest_route=\/wp\/v2\/media\/562"}],"wp:attachment":[{"href":"https:\/\/klatrenorge.no\/index.php?rest_route=%2Fwp%2Fv2%2Fmedia&parent=518"}],"curies":[{"name":"wp","href":"https:\/\/api.w.org\/{rel}","templated":true}]}}